ctor of 495 and r.
45
Let u(z) = 113*z - 1084. Let p be u(13). What is the greatest common divisor of 350 and p?
35
Let m be ((-6)/3)/(1 + (-63)/77)*-2. What is the highest common divisor of m and 1914?
22
Let j be (-16)/(-4)*((-6 - -8) + -1). Suppose -j*v = -52 + 24. Calculate the greatest common factor of v and 16.
1
Let w(d) = -15 + 9 - d**3 + 10*d**2 - 9*d + 2*d**2. Let x be w(10). Calculate the highest common divisor of x and 13.
13
Suppose -661*j = -657*j - 368. Suppose -4*d = -6*d, 2*m - 276 = -5*d. Calculate the greatest common factor of j and m.
46
Let d(j) = 10 - 7 + 10 - 6*j**2 - 4*j**2 - 11*j + j**3. Let c be d(11). Suppose 7*y - 6*y = c. Calculate the greatest common factor of 13 and y.
13
Let g = 4035 - 3978. Calculate the greatest common factor of 152 and g.
19
Let u(d) = 458*d**2 - 33*d - 35. Let w be u(-1). Let r = -65 - -89. What is the highest common divisor of r and w?
24
Let a = 18409 - 14737. What is the highest common factor of 24 and a?
24
Let t be -1 + (-6)/(-30) - (-4352)/40. Calculate the highest common divisor of t and 46548.
108
Suppose -27*f + 198 = -16*f. Let a(v) = 3*v - 14. Let w be a(6). Suppose o - w - 5 = 0. What is the greatest common factor of o and f?
9
Suppose 33800 = 29*l + 38*l - 17*l. Calculate the highest common factor of l and 8.
4
Let w = -50 - -95. Suppose 11*x + 8 = 7*x, 112 = 3*v - 5*x. Let t = w - v. What is the greatest common divisor of t and 22?
11
Let v be (-3551)/(-737) + 1*2/11. Suppose v*i = 25, -3*p + 21*i - 20*i + 85 = 0. What is the highest common factor of p and 135?
15
Let v(y) = 2*y**2 - 25*y - 55. Let n be v(-2). Suppose -3*k = 3*p - 921, -458 - 481 = -3*k + n*p. Calculate the highest common factor of k and 10.
10
Let k = 12 + -85. Let f = k - -88. Let u be f/25 + 354/10. What is the highest common factor of 4 and u?
4
Let k be (-125)/(-10) + (-2)/(-4). Let q = -6 + k. Suppose -5*i + 148 = 4*w, -73 = -4*i - 5*w + 49. What is the greatest common factor of i and q?
7
Let b = 11335 - 9853. Calculate the highest common divisor of 798 and b.
114
Suppose 0 = 4*r - 5*q + 279 - 989, 0 = r - 2*q - 176. Calculate the greatest common divisor of r and 480.
60
Suppose 5*s + 4*v = -2124, 3*s + 15*v = 14*v - 1280. Let j = -360 - s. Calculate the highest common divisor of j and 119.
17
Suppose 188 = 2*t - 4*j - 0*j, 2 = -j. Suppose 0 = -13*x + 18*x - t. What is the highest common divisor of x and 4?
2
Suppose -86569 = -55*q - 66*q + 100618. What is the greatest common factor of 91 and q?
91
Suppose 72*s + 15600 = 202*s. Calculate the highest common divisor of s and 2040.
120
Suppose -2*v - 8 = -4*v, -2*u = 4*v - 126. Let y(s) = -23*s + 106. Let b be y(-3). Suppose -46*d - b = -81*d. What is the highest common factor of u and d?
5
Suppose 1217*a - 1200*a - 1768 = 0. What is the highest common factor of a and 52?
52
Let f(t) = -3*t - 108. Let w be f(-37). Suppose 4*x - 676 = -b, 0*x + w*x - 5*b - 530 = 0. What is the highest common factor of x and 102?
34
Let o = 17309 + -15671. What is the highest common divisor of o and 1053?
117
Let o be ((-3)/(-2))/((-27)/(-252)). Let l = 230 + -216. Calculate the highest common divisor of l and o.
14
Let n(k) = -k**3 + 14*k**2 - 31*k - 30. Let c be n(10). Suppose -31*s = -37*s + c. What is the highest common divisor of 45 and s?
5
Suppose 5*q - 8 - 15 = -h, 8 = 5*q - 4*h. Let p be (-5 + (5 - 1) + 2)/((-12)/(-1452)). Suppose 179 + p = q*b. What is the highest common divisor of b and 30?
15
Let v(r) = 200*r + 6545. Let l be v(-8). What is the highest common divisor of 20 and l?
5
Let d = 8155 + -8107. Calculate the greatest common divisor of 3564 and d.
12
Let l(w) = -3*w**3 - 9*w**2 - 17*w - 67. Let n be l(-7). Calculate the highest common divisor of 1880 and n.
40
Let v = -21046 + 21373. Calculate the highest common factor of v and 3.
3
Let r = -4573 + 4590. Suppose -3*z + 2 = -2*z. What is the greatest common divisor of r and z?
1
Let m(k) = 2*k**2 - 20*k - 3. Let s be m(12). Let w = s - 43. Suppose -w*z - 178 = -4*x, -z - 3 = -4. What is the greatest common divisor of 30 and x?
15
Let g be 3/((-36)/(-24) + 26/(-20)). Let r = -176 + 1241. What is the greatest common factor of r and g?
15
Let z(a) = 68*a - 248. Let h be z(10). What is the highest common factor of 108 and h?
108
Suppose 2*g = 3*g + 5*v + 103, 4*v - 112 = g. Let h = -56 - g. Calculate the greatest common factor of 65 and h.
13
Suppose -44 = -43*p + 32*p. Suppose -2*m = -7*a + 8*a - 82, 4*a - p*m - 268 = 0. What is the greatest common divisor of 228 and a?
12
Let d be (-15)/6*4/(-2). Let t(x) = -15*x + 23. Let q(r) = 4*r - 2. Let b(n) = 4*q(n) + t(n). Let m be b(d). Calculate the highest common divisor of 40 and m.
20
Let f(u) = -136*u + 5744. Let o be f(42). Calculate the highest common factor of o and 224.
32
Let x(l) = -8*l + 4. Suppose 5*o - 7*o = -46. Let c = -26 + o. Let g be x(c). Calculate the greatest common factor of g and 112.
28
Let y(m) = -2*m + 2. Let p be y(4). Let b be (2 + 10)/(4/((-160)/p)). Suppose -16*w + b = -14*w. Calculate the highest common divisor of 8 and w.
8
Suppose -405 = -5*y + 5*g, 0*y + g = 3*y - 237. Let h = y + -38. What is the greatest common divisor of 280 and h?
40
Suppose -3*p + 4*v = -179, 0 = -5*p + 2*v + 97 + 192. What is the greatest common factor of p and 19?
19
Suppose 10*c - 30 = -240. Let j be c/5*245/(-21). What is the greatest common factor of 35 and j?
7
Let w be (94 - 92)*75/6 + -11. What is the greatest common divisor of 13643 and w?
7
Suppose 697 = 5*t + 21*r - 17*r, 5*t - 746 = 3*r. Calculate the greatest common factor of 1798 and t.
29
Let d be (-10 - 0)/((-18)/279). Let p be (28/5)/(62/d). What is the highest common divisor of 49 and p?
7
Let n be (-10309)/(-39) + (-6)/18. Let c be -1 + 0 + 47 + 2. What is the greatest common factor of n and c?
24
Let h(v) = v - 17. Let r be h(21). Let q be (-90)/(-4) + 3/2. Suppose 8 = -r*k + q. Calculate the greatest common divisor of 20 and k.
4
Let q be (-7 + (-162)/(-14))/(4/14). What is the greatest common divisor of q and 252?
4
Let o(b) = 66*b + 4. Suppose 2*r - q - 2*q - 34 = 0, 8 = -2*q. Let d be o(r). What is the greatest common factor of 10 and d?
10
Let t(w) = 212*w + 36. Let b be t(-3). Let r = 642 + b. What is the highest common divisor of 966 and r?
42
Let d be (8 - 198/6) + (3 - -2). Let y be 155/2 + d/(-40). Calculate the highest common divisor of 156 and y.
78
Let g be (3 - (-2)/(-1)) + 5. Suppose -v - 2*s = -330, -2*v + 666 = -0*s + 2*s. Suppose 7*m = -m + v. What is the highest common divisor of m and g?
6
Let d be (-1 - -4)*(-3 + 1 + 1). Let g be 1/(d/(-9)) - (-64 - 3). Calculate the greatest common factor of 14 and g.
14
Let d be (3*(-8)/(-30))/(36/270). Suppose d = -7*x + 6. Suppose -5*l + 4*m = -170, 3*l + 2*m - 124 = -x*l. What is the highest common divisor of l and 418?
38
Let u = -3473 - -7093. Suppose -u = -46*i - 354. Calculate the greatest common factor of i and 71.
71
Suppose 9*y = -27*y + 19008. What is the greatest common factor of y and 384?
48
Suppose -4*d - 262 = -2*q - 72, 3*d = -q + 75. Suppose -2*i + 267 = q. Suppose -11*h + i = -8*h. Calculate the highest common divisor of 270 and h.
30
Let m = 41 - 39. Let c be 48/12 + -1*m/(-2). Suppose c*w + n - 51 = -0*n, 4*w - 48 = n. What is the greatest common divisor of w and 55?
11
Let y(m) = 8*m**3 + 10*m**2 - m - 119. Let h be y(3). Let k = 297 - 67. What is the greatest common factor of k and h?
46
Let f be (-2 + 8)/(30/15). Let v be (-24)/(1 + -1 - f). Calculate the greatest common factor of 664 and v.
8
Let g(a) = -a**3 - 30*a**2 - 58*a - 141. Let h be g(-29). Calculate the highest common divisor of 230 and h.
10
Let q(z) = z**3 - 16*z**2 - 12*z - 13. Suppose 51 = 6*i - 3*i. Let n be q(i). Let y = n - 68. What is the greatest common factor of y and 2?
2
Suppose 19*l - 160 = -21*l. Suppose 2 = 5*p + 4*i, -l*p + 4*i + 37 = 21. Calculate the greatest common divisor of 19 and p.
1
Suppose 2*i - 6*i + 4250 = 2*d, 2*d = -2*i + 4240. Calculate the greatest common factor of 765 and d.
45
Let o(a) = -a**3 - 11*a**2 + 72*a - 104. Let u be o(-16). What is the greatest common divisor of u and 8088?
24
Let a(l) = -43*l + 7*l - 9*l**2 + 12*l - l**3 + 14*l. Let i(b) = -10*b**2 - b. Let z be i(-1). Let s be a(z). Calculate the highe